e
Is 8065625171 prime?
False
Is 1467690859 a prime number?
False
Is 6707187529 a composite number?
True
Is 14464095565 prime?
False
Is 732251441 prime?
True
Is 1139279081 prime?
True
Is 295238521 a prime number?
True
Is 57175690121 composite?
True
Is 47637736511 a prime number?
False
Is 37954988903 prime?
False
Is 5452931317 a prime number?
True
Is 20102599931 a composite number?
True
Is 136989857 prime?
True
Is 13531781339 a prime number?
True
Is 2618999683 composite?
True
Is 584812313 composite?
False
Is 12106872077 composite?
False
Is 50167837 prime?
True
Is 88552849153 a prime number?
True
Is 1027246517 a composite number?
True
Is 5502509533 prime?
True
Is 186707089159 prime?
True
Is 42953347013 a prime number?
False
Is 1034602598 composite?
True
Is 943607033 prime?
True
Is 5586882259 composite?
True
Is 64515949 a prime number?
False
Is 2681705927 a composite number?
True
Is 203382029 prime?
False
Is 574152301 a composite number?
False
Is 29009089259 a composite number?
True
Is 11291558857 composite?
True
Is 10298278295 composite?
True
Is 120830917 a composite number?
True
Is 7616324263 a composite number?
False
Is 4199551127 a prime number?
False
Is 26655904199 prime?
True
Is 1722248713 prime?
True
Is 19399782379 a prime number?
True
Is 1602050315 prime?
False
Is 2815876717 a composite number?
False
Is 480828407 a prime number?
True
Is 45558547 a composite number?
False
Is 4470943913 a composite number?
False
Is 2138762573 a prime number?
True
Is 58085273 composite?
True
Is 7710858347 a composite number?
False
Is 2996054797 a prime number?
True
Is 3303018487 prime?
True
Is 7876387543 composite?
True
Is 1056240377 a composite number?
False
Is 2079376433 composite?
True
Is 1532454701 a prime number?
False
Is 31930598543 a prime number?
True
Is 1445417201 composite?
False
Is 41144765507 composite?
False
Is 6889893554 composite?
True
Is 11072843003 a prime number?
False
Is 20957508587 composite?
True
Is 420152531 prime?
True
Is 2065020497 prime?
False
Is 4840898759 composite?
False
Is 626331991 prime?
False
Is 9475061543 composite?
True
Is 15079130401 a prime number?
False
Is 287684347 a prime number?
False
Is 419421397 prime?
False
Is 1026466907 a composite number?
False
Is 12163789073 a composite number?
True
Is 100106089 prime?
True
Is 22533832649 prime?
False
Is 1366515149 a composite number?
False
Is 1923284279 prime?
False
Is 46619241379 a composite number?
False
Is 415529393 composite?
False
Is 8305296449 composite?
True
Is 134598650969 prime?
False
Is 276595819 composite?
True
Is 65051465 a prime number?
False
Is 15155367911 composite?
False
Is 18374107817 a prime number?
False
Is 1292420959 a composite number?
False
Is 2224326959 composite?
False
Is 2807395363 a composite number?
False
Is 14073338047 a composite number?
False
Is 19501128037 a composite number?
True
Is 630542729 prime?
True
Is 2221007573 a prime number?
True
Is 12170738149 composite?
False
Is 20577949597 composite?
True
Is 2616190559 a prime number?
False
Is 853708883 composite?
False
Is 7253120617 prime?
True
Is 557971457 a prime number?
False
Is 1080254191 a composite number?
False
Is 25212233791 a prime number?
True
Is 14095963961 a composite number?
False
Is 2825932517 prime?
True
Is 814150913 composite?
False
Is 398703031 a composite number?
False
Is 10980114157 a composite number?
True
Is 384974569 prime?
False
Is 280086198617 a composite number?
False
Is 7492145009 a prime number?
True
Is 61292640559 prime?
False
Is 1140075389 a prime number?
True
Is 326907405589 prime?
True
Is 724445627 composite?
False
Is 981635911 prime?
True
Is 58478243 a composite number?
False
Is 1187650631 a composite number?
True
Is 6782628631 a composite number?
True
Is 3611679361 a prime number?
False
Is 66624421 prime?
False
Is 16306445209 a composite number?
False
Is 1536220321 a composite number?
True
Is 174304797 composite?
True
Is 543213107 composite?
False
Is 107212199 composite?
True
Is 13902228131 prime?
False
Is 1277488477 a prime number?
False
Is 11235222797 prime?
False
Is 217386941 a composite number?
False
Is 202816631 a composite number?
False
Is 454994503 a prime number?
True
Is 5311707643 prime?
False
Is 8309654447 composite?
False
Is 17837259863 composite?
False
Is 2612421919 a prime number?
True
Is 203420089 a prime number?
False
Is 119157523 a prime number?
True
Is 1623151499 composite?
False
Is 126312713 a prime number?
False
Is 331728211 prime?
True
Is 3569428873 a composite number?
True
Is 427332311 prime?
False
Is 1925666219 prime?
True
Is 2050532291 a composite number?
False
Is 396482681 composite?
True
Is 771989371 prime?
True
Is 781409249 a composite number?
True
Is 15403781293 a composite number?
True
Is 10516137679 a prime number?
False
Is 525708091 a composite number?
False
Is 19878325121 composite?
False
Is 1400716477 prime?
False
Is 302284343 prime?
False
Is 2235044131 composite?
True
Is 75710317 a composite number?
True
Is 20415029849 a prime number?
True
Is 2310523113 a prime number?
False
Is 36316473 a prime number?
False
Is 136135241279 a prime number?
False
Is 1676562067 prime?
False
Is 1579595033 a prime number?
False
Is 1406659409 prime?
True
Is 172634186035 composite?
True
Is 1099045711 a prime number?
True
Is 10654610939 prime?
False
Is 831547051 prime?
False
Is 124245217835 a prime number?
False
Is 1315096709 a prime number?
True
Is 29647179203 composite?
False
Is 40695929719 composite?
True
Is 6288302173 composite?
True
Is 7446403253 a prime number?
False
Is 13911860129 composite?
True
Is 25547291761 a prime number?
True
Is 14064583 composite?
True
Is 62039226961 a composite number?
False
Is 3222528889 prime?
False
Is 662883407 a prime number?
True
Is 4865868197 a prime number?
False
Is 215767153 composite?
True
Is 287833121 a prime number?
True
Is 173119731713 prime?
False
Is 133013981 prime?
False
Is 119360838839 prime?
False
Is 2648955929 a prime number?
False
Is 29771762497 a composite number?
True
Is 691096701 prime?
False
Is 6958614847 a composite number?
False
Is 734993579 a prime number?
False
Is 14718695423 a composite number?
True
Is 26241466411 a prime number?
True
Is 42535814905 a prime number?
False
Is 663376429 a prime number?
True
Is 3125276897 composite?
True
Is 120583951 prime?
False
Is 16400849789 a composite number?
False
Is 302140409 composite?
True
Is 32710237331 a prime number?
True
Is 11949142949 prime?
False
Is 9335974441 a prime number?
True
Is 6383939311 a prime number?
True
Is 8541385891 a composite number?
True
Is 161350897 a composite number?
False
Is 90350851 composite?
True
Is 155709947 prime?
False
Is 986372987 a prime number?
True
Is 537274653 a prime number?
False
Is 743108497 prime?
False
Is 459912919 composite?
False
Is 6908516273 a prime number?
True
Is 10178932607 prime?
True
Is 180023990173 composite?
False
Is 288351476423 composite?
False
Is 6407030251 composite?
True
Is 852298823 a composite number?
False
Is 109773163 a composite number?
True
Is 832644677 a composite number?
True
Is 973510033 prime?
True
Is 2784904901 a prime number?
False
Is 68991539 prime?
True
Is 2159401793 prime?
False
Is 5214839737 composite?
True
Is 698040191 a prime number?
False
Is 345744669 prime?
False
Is 345524717 a prime number?
True
Is 39748080431 prime?
False
Is 5198325337 prime?
False
Is 14063281409 a prime number?
False
Is 1816573769 a composite number?
False
Is 781340303 a prime number?
False
Is 20796300155 composite?
True
Is 874552979 prime?
False
Is 44127695449 prime?
True
Is 24341155351 composite?
True
Is 4303742779 composite?
True
Is 1692655189 a composite number?
True
Is 408332263 composite?
True
Is 93272856683 prime?
True
Is 2379579661 a composite number?
False
Is 23388080873 composite?
False
Is 2724266819 a composite number?
False
Is 137248753 a composite number?
False
Is 82909922527 prime?
False
Is 133285100273 a prime number?
False
Is 166663999 composite?
True
Is 322876451 composite?
False
Is 33250871 composite?
False
Is 484764569 a composite number?
True
Is 1349444263 composite?
False
Is 4397798393 a composite number?
True
Is 42604041211 prime?
False
Is 10277401661 composite?
False
Is 476895149 a composite number?
True
Is 7618648181 composite?
True
Is 60116392547 prime?
True
Is 238659499 prime?
False
Is 1